et r(x) = -x**2 - x + 2. Calculate r(2).
-4
Let t(z) = z**3 - 2*z**2 + 2*z + 2. Calculate t(2).
6
Let t(u) = -5*u**3 - 3*u**2 - 9*u - 3. What is t(-2)?
43
Let u(y) = 5*y + 75. Give u(-18).
-15
Let q(h) = 8*h - 41. Determine q(2).
-25
Let i(p) = p**2 - 16*p + 61. Calculate i(7).
-2
Let w(l) = l**3 + 12*l**2 + 20*l - 15. What is w(-9)?
48
Let h(d) = -d**3 + 3*d + 2. Give h(2).
0
Let p(z) = -13*z + 58. Determine p(4).
6
Let d(w) = -w**3 - 6*w**2 + 5*w + 3. Determine d(-4).
-49
Let m(r) = 2*r**2 - 9*r + 5. Calculate m(5).
10
Let s(d) = -4*d**2 + 6*d - 6. Determine s(2).
-10
Let z(b) = -b**3 + 22*b**2 + b - 7. Determine z(22).
15
Let g(o) = -2*o**2 + 21*o + 14. Calculate g(11).
3
Let y(w) = w**3 + w**2 - 4*w. What is y(2)?
4
Let t(h) = -h**2 - 37*h - 348. Calculate t(-18).
-6
Let o(m) = 2*m**3 + 10*m**2 - m - 2. Determine o(-5).
3
Let q(n) = 2*n**3 + n**2 - n + 2. Calculate q(-2).
-8
Let k(y) = 2*y**2 + 81*y + 129. Determine k(-39).
12
Let f(t) = 2*t**3 + t**2 - 4. What is f(2)?
16
Let f(w) = 9*w**2 - 6*w + 8. What is f(3)?
71
Let g(v) = 3*v + 32. Determine g(0).
32
Let q(m) = -2*m**2 - 15*m - 12. What is q(-6)?
6
Let k(x) = 18*x + 113. Determine k(-5).
23
Let z(v) = -8*v**2 + v - 1. Determine z(1).
-8
Let k(i) = -2*i**2 + 2*i - 3. What is k(0)?
-3
Let i(j) = j**3 - 4*j**2 + 3. What is i(4)?
3
Let x(s) = -s**3 + 5*s**2 - 2*s - 1. Calculate x(2).
7
Let m(s) = s**2 + 30*s + 125. What is m(-21)?
-64
Let c(s) = 5*s - 22. Calculate c(3).
-7
Let i(r) = -27*r + 327. Calculate i(12).
3
Let q(s) = s + 18. Calculate q(-5).
13
Let h(k) = 2*k**2 - 34*k - 24. Determine h(19).
52
Let y(k) = -k**3 - 9*k**2 + 3*k + 10. Determine y(-9).
-17
Let m(w) = w**3 - 7*w**2 + 3*w + 2. What is m(5)?
-33
Let i(t) = -t**3 - 2*t**2 + 6*t + 1. Determine i(-4).
9
Let j(f) = -4*f**2 - f + 7. Calculate j(-2).
-7
Let i(q) = 28*q - 5. What is i(-3)?
-89
Let t(n) = -18*n - 138. Give t(-8).
6
Let f(u) = 2*u + 16. Calculate f(-5).
6
Let h(i) = -2*i**2 - i - 5. Give h(-3).
-20
Let y(g) = g**3 - 17*g**2 - 23*g - 273. What is y(19)?
12
Let s(b) = -b - 2. Calculate s(-9).
7
Let j(w) = 12*w + 3. Calculate j(-1).
-9
Let s(g) = g + 20. What is s(-15)?
5
Let d(y) = y**2 + 2*y - 86. Calculate d(-11).
13
Let w(r) = -3*r**2 + 8*r + 24. What is w(6)?
-36
Let f(w) = 6*w + 9. Calculate f(-1).
3
Let d(t) = -2*t**3 + 8*t**2 - 2. Give d(5).
-52
Let s(d) = -23*d + 2028. Determine s(88).
4
Let p(t) = -t**3 + 4*t**2 + 21*t - 74. Determine p(5).
6
Let i(s) = -s + 15. What is i(17)?
-2
Let y(h) = -h**3 + 34*h**2 + 36*h - 27. Calculate y(35).
8
Let p(x) = 5*x - 12. Give p(-2).
-22
Let i(b) = -b**3 - 6*b**2 - b + 7. Determine i(-6).
13
Let j(y) = y**2 - 7*y. What is j(5)?
-10
Let m(l) = 14*l**2 - l. What is m(-2)?
58
Let p(a) = a**3 + 17*a**2 + a + 15. Calculate p(-17).
-2
Let r(k) = 2*k - 7. Determine r(-5).
-17
Let p(j) = -39*j**2 - j. Give p(1).
-40
Let h(j) = j**3 - 9*j**2 + 12*j - 1. Give h(7).
-15
Let p(a) = -a**3 - 10*a**2 - 17*a - 28. Calculate p(-8).
-20
Let w(b) = 3*b - 1. Calculate w(8).
23
Let l(j) = -4*j**3 + j**2. Calculate l(2).
-28
Let y(l) = -l**3 - 17*l**2 - 11*l + 9. Give y(-16).
-71
Let b(g) = 5*g**3 - g**2 + 2*g. Give b(1).
6
Let o(u) = u**2 + 4*u - 13. Calculate o(-6).
-1
Let b(g) = g**2 + g - 7. Calculate b(4).
13
Let n(r) = 5*r**2 + 2*r - 1. Calculate n(-3).
38
Let p(c) = -13*c - 492. Determine p(-37).
-11
Let b(c) = 4*c**2 + 9*c + 13. Calculate b(-4).
41
Let q(s) = 9*s - 5. Determine q(2).
13
Let f(u) = 3*u + 2. Calculate f(2).
8
Let x(t) = 2*t**2 - 11*t - 11. Calculate x(7).
10
Let i(h) = 2*h**2 - 3*h - 5. What is i(3)?
4
Let r(p) = -p**2 - 10*p + 6. What is r(-8)?
22
Let i(b) = -b**2 - 12*b - 11. Calculate i(-9).
16
Let a(o) = o**3 + 7*o**2 - 17*o - 107. Calculate a(-6).
31
Let x(g) = 5*g + 5. Give x(0).
5
Let r(n) = -5*n - 18. What is r(-6)?
12
Let g(v) = 129*v + 902. What is g(-7)?
-1
Let w(l) = l**2 - 10*l + 12. Give w(9).
3
Let v(j) = -j**2 + j + 9. Calculate v(8).
-47
Let v(m) = -2*m - 18. Calculate v(-7).
-4
Let f(z) = 2*z**3 + 33*z**2 + 10*z - 7. What is f(-16)?
89
Let h(x) = -6*x + 7. What is h(4)?
-17
Let k(q) = -3*q**3 + 3*q**2 + 2*q + 6. Determine k(3).
-42
Let a(z) = -z**3 - 8*z**2 - 7*z + 1. Determine a(-5).
-39
Let q(l) = -l**2 - 8*l + 23. What is q(-11)?
-10
Let i(l) = l**2 - 18*l + 30. Give i(2).
-2
Let k(i) = -i**3 - 6*i**2 - 6*i - 6. What is k(-4)?
-14
Let u(w) = w**2 - 7*w - 12. Give u(10).
18
Let q(a) = -23*a**2 + a + 1. Give q(-1).
-23
Let m(f) = f**2 - 4*f - 3. Calculate m(4).
-3
Let r(l) = -l**3 - 2*l**2 + 48*l + 14. Calculate r(6).
14
Let a(y) = -53*y**3 - y**2 + y. Determine a(1).
-53
Let b(a) = -a**2 + 64*a - 489. Calculate b(55).
6
Let s(a) = a**3 - 3*a**2 + a + 1. Calculate s(3).
4
Let f(u) = -u + 26. Determine f(8).
18
Let h(y) = -3*y - 91. Give h(-29).
-4
Let q(y) = 10*y + 1. What is q(1)?
11
Let t(g) = g**2 - 17*g + 64. Give t(6).
-2
Let p(w) = 2*w + 5. Calculate p(0).
5
Let l(i) = -i**2 - 24*i - 126. Calculate l(-17).
-7
Let j(c) = c**2 - 26*c + 22. Calculate j(25).
-3
Let p(k) = 3*k**2 + 104*k - 30. What is p(-35)?
5
Let w(m) = -2*m**3 + 12*m**2 + 8. Give w(6).
8
Let u(z) = -5*z - 134. What is u(-31)?
21
Let r(y) = y**3 + 45*y**2 - 47*y - 41. What is r(-46)?
5
Let v(f) = -4*f**2 + 11*f - 8. Determine v(3).
-11
Let a(d) = d**3 + 14*d**2 - 18*d + 15. Determine a(-15).
60
Let h(a) = -a**3 - 5*a**2 + 2*a - 3. Give h(-6).
21
Let c(p) = 14*p + 12. Determine c(-1).
-2
Let g(o) = o**2 + 6*o - 4. What is g(-5)?
-9
Let v(o) = o**2 - 2*o - 5. Determine v(6).
19
Let f(h) = -2*h**2 + h + 75. Calculate f(7).
-16
Let a(k) = 6*k + 50. Calculate a(19).
164
Let b(q) = q**3 - 12*q**2 + 7*q + 8. What is b(11)?
-36
Let m(c) = c**2 - 10*c - 15. Determine m(11).
-4
Let u(s) = 8*s + 32. Give u(-5).
-8
Let d(p) = -9*p + 4. Give d(-1).
13
Let p(j) = -3*j - 36. Give p(-12).
0
Let n(l) = -19*l - 492. Determine n(-26).
2
Let s(b) = -b**3 - 11*b**2 - 28*b + 13. Determine s(-7).
13
Let j(f) = -78*f - 84. Calculate j(-1).
-6
Let n(c) = -12*c + 24. Determine n(11).
-108
Let s(p) = -p**3 - 5*p**2 - p - 1. Determine s(-4).
-13
Let t(y) = -y**2 - 6*y + 25. Give t(-8).
9
Let n(h) = 33*h - 212. Give n(6).
-14
Let w(f) = -8*f + 1. Determine w(3).
-23
Let l(x) = -x**3 - 7*x**2 - 4*x - 40. Give l(-7).
-12
Let v(c) = 2*c**3 - 2*c**2 - 8*c - 9. Calculate v(-2).
-17
Let f(m) = -m**3 - 7*m**2 + 9*m + 3. What is f(-8)?
-5
Let f(l) = l**2 + 2*l - 31. Calculate f(0).
-31
Let j(m) = m**3 + 3*m**2 - 5*m - 1. What is j(-4)?
3
Let o(b) = -2*b**3 - 48*b**2 + 8. Give o(-24).
8
Let k(g) = g**2 - 6*g + 13. Calculate k(7).
20
Let a(b) = b**3 + 5*b**2 + 3. What is a(-6)?
-33
Let a(t) = t**3 - 25*t**2 + 25*t + 14. Calculate a(24).
38
Let q(z) = 18*z + 211. Determine q(-11).
13
Let m(f) = -f**2 + 4*f - 5. Calculate m(4).
-5
Let c(a) = 15*a - 1064. Give c(71).
1
Let i(y) = 5*y - 80. Give i(15).
-5
Let b(h) = -4*h + 33. Determine b(16).
-31
Let y(s) = -s**2 + 4*s - 2. What is y(4)?
-2
Let h(i) = -i**2 + 7*i + 12. Determine h(9).
-6
Let u(w) = -5*w**3 - w - 6. Determine u(-2).
36
Let g(y) = -y**3 - 7*y**2 - 6*y + 9. What is g(-4)?
-15
Let w(h) = -h**3 + 11*h**2 + 13*h + 3. What is w(12)?
15
Let u(h) = -h**3 - 11*h**2 - 14*h - 38. What is u(-10)?
2
Let r(v) = v**3 + 2*v**2 + 3*v + 13. Give r(-4).
-31
Let q(v) = v**3 + 7*v**2 - 8*v - 2. Determine q(-8).
-2
Let k(n) = -28*n + 135. What is k(5)?
-5
Let v(x) = -2*x**2 + 12. Give v(5).
-38
Let w(a) = -a**2 - 12*a + 7. Determine w(-10).
27
Let b(m) = 2*m**2 - 3*m + 3. What is b(2)?
5
Let y(j) = j**3 - j**2 + 2*j + 5. Give y(0).
5
Let c(m) = -m**3 - 4*m**2 - m + 2. What is c(-4)?
6
Let n(i) = -5*i - 183. Determine n(-29).
-38
Let c(d) = -22*d + 89. Calculate c(4).
1
Let l(t) = t**3 + 4*t**2 - 9*t + 8. Give l(-6).
-10
Let v(f) = -4*f + 19. Calculate v(4).
3
Let a(q) = -q**2 + 7*q + 12. What is a(8)?
4
Let z(o) = 2*o - 21. Calculate z(14).
7
Let p(o) = -3*o - 6. Give p(-2).
0
Let l(c) = c**3 + 15*c**2 - 17*c - 8. What is l(-16)?
8
Let i(a) = 3*a - 92. Give i(32).
4
Let i(r) = 3*r**2 + 119*r + 82. Give i(-39).
4
Let m(y) = -y**2 + 14*y - 13. What is m(11)?
20
Let l(m) = -m**3 - 10*m**2 + 4*m + 23. Calculate l(-10).
-17
Let a(s) = s**3 + 7*s**2 - 2*s - 5. What is a(-8)?
-53
Let v(b) = b**2 - 6*b - 12. Calculate v(6).
-12
Let b(r) = -2*r - 38. Calculate b(4).
-46
Let d(n